{"id":9,"date":"2018-04-19T08:08:35","date_gmt":"2018-04-19T08:08:35","guid":{"rendered":"https:\/\/uhg-emmen.ch\/?page_id=9"},"modified":"2023-11-03T20:36:24","modified_gmt":"2023-11-03T20:36:24","slug":"news","status":"publish","type":"page","link":"https:\/\/uhg-emmen.ch\/?page_id=9","title":{"rendered":"Wichtige Dokumente"},"content":{"rendered":"<p><a href=\"http:\/\/srl.lu.ch\/frontend\/versions\/2988\"><strong>Hier<\/strong> <\/a>finden Sie das <strong>Strassengesetz<\/strong> des Kanton Luzern<\/p>\n<p><a href=\"http:\/\/www.emmen.ch\/dl.php\/de\/5698917dd634a\/Strassenreglement.pdf\"><strong>Hier<\/strong><\/a> finden Sie das <strong>Strassenreglement<\/strong> der Gemeinde Emmen<\/p>\n<p><a href=\"http:\/\/uhg-emmen.ch\/wp-content\/uploads\/2018\/10\/Definition_G\u00fcterstrassen_1.png\"><strong>Hier<\/strong><\/a> finden Sie die <strong>Definition<\/strong> von G\u00fcterstrassen gem\u00e4ss Strassenverordnung des Kantons Luzerns<\/p>\n<p><a href=\"https:\/\/uhg-emmen.ch\/wp-content\/uploads\/2018\/11\/Pr\u00e4sentation-Orientierungsversammlung_kompl.pdf\"><strong>Hier<\/strong> <\/a>finden Sie die komplette <strong>Pr\u00e4sentation<\/strong> der Orientierungsversammlung vom 20.11.2018<\/p>\n<p><strong><a href=\"https:\/\/uhg-emmen.ch\/wp-content\/uploads\/2018\/12\/Protokoll-Orientierungsversammlung-UHG-Emmen-vom-20.11.2018_ScFr.pdf\">Hier<\/a><\/strong> finden Sie das <strong>Protokoll<\/strong> der Orientierungsversammlung vom 20.11.2018<\/p>\n<p><a href=\"https:\/\/uhg-emmen.ch\/wp-content\/uploads\/2019\/09\/Statutenentwurf-rev.-vom-11.6.2019_HoUe.pdf\"><strong>Hier<\/strong><\/a> finden Sie den <strong>Informationsbrief<\/strong> der UHG Emmen vom 18.12.2018<\/p>\n<p><strong><a href=\"https:\/\/uhg-emmen.ch\/wp-content\/uploads\/2019\/07\/190322-Situation-Werkplan.pdf\">Hier<\/a><\/strong> finden Sie das <strong>Werkplan<\/strong> der UHG Emmen vom 16.07.2019<\/p>\n<p><strong><a href=\"https:\/\/uhg-emmen.ch\/wp-content\/uploads\/2019\/07\/190702-Orientierung-Vernehmlassung.pdf\">Hier<\/a> <\/strong>finden Sie den <strong>Informationsbrief<\/strong>\u00a0der UHG Emmen vom 02.07.2019<\/p>\n<p><a href=\"https:\/\/uhg-emmen.ch\/wp-content\/uploads\/2022\/09\/220915_Informationsschreiben_Kopie_GR_mit-_Anhang.pdf\"><strong>Hier<\/strong><\/a> finden Sie den<strong> Informationsbrief<\/strong> der UHG Emmen vom 15.09.2022<\/p>\n<p><a href=\"https:\/\/uhg-emmen.ch\/wp-content\/uploads\/2022\/11\/22265-111n_Situation_Werkplan_2022-09-19.pdf\"><strong>Hier<\/strong><\/a> finden Sie den aktuellen <strong>Werkplan<\/strong> der UHG Emmen vom 19.09.2022<\/p>\n<p><a href=\"https:\/\/uhg-emmen.ch\/wp-content\/uploads\/2023\/11\/Entschaedigungsreglement.pdf\"><strong>Hier<\/strong><\/a> finden Sie das aktuelle <strong>Entsch\u00e4digungsreglement<\/strong> der UHG Emmen vom 26.10.2022<\/p>\n<p><a href=\"https:\/\/uhg-emmen.ch\/wp-content\/uploads\/2023\/11\/Unterhaltsreglement.pdf\"><strong>Hier<\/strong><\/a> finden Sie das aktuelle <strong>Unterhaltsrelement<\/strong> der UHG Emmen vom 26.10.2022<\/p>\n<p><a href=\"https:\/\/uhg-emmen.ch\/wp-content\/uploads\/2023\/11\/Statuten.pdf\"><strong>Hier<\/strong><\/a> finden Sie die rev. <strong>Statuten<\/strong> der UHG Emmen vom 24.11.2022<\/p>\n<p><a href=\"https:\/\/uhg-emmen.ch\/wp-content\/uploads\/2023\/11\/Protokoll-Gruendung-UHG-Emmen-20221212.pdf\"><strong>Hier<\/strong><\/a> finden Sie das Protokoll der Gr\u00fcndungsversammlung vom 1.12.2022<\/p>\n","protected":false},"excerpt":{"rendered":"<p>Hier finden Sie das Strassengesetz des Kanton Luzern Hier finden Sie das Strassenreglement der Gemeinde Emmen Hier finden Sie die Definition von G\u00fcterstrassen gem\u00e4ss Strassenverordnung des Kantons Luzerns Hier finden Sie die komplette Pr\u00e4sentation der Orientierungsversammlung vom 20.11.2018 Hier finden Sie das Protokoll der Orientierungsversammlung vom 20.11.2018 Hier finden Sie den Informationsbrief der UHG Emmen <a href=\"https:\/\/uhg-emmen.ch\/?page_id=9\" class=\"more-link\">\u2026weiterlesen<span class=\"screen-reader-text\"> Wichtige Dokumente\"<\/span><\/a><\/p>\n","protected":false},"author":1,"featured_media":0,"parent":0,"menu_order":0,"comment_status":"closed","ping_status":"closed","template":"","meta":[],"_links":{"self":[{"href":"https:\/\/uhg-emmen.ch\/index.php?rest_route=\/wp\/v2\/pages\/9"}],"collection":[{"href":"https:\/\/uhg-emmen.ch\/index.php?rest_route=\/wp\/v2\/pages"}],"about":[{"href":"https:\/\/uhg-emmen.ch\/index.php?rest_route=\/wp\/v2\/types\/page"}],"author":[{"embeddable":true,"href":"https:\/\/uhg-emmen.ch\/index.php?rest_route=\/wp\/v2\/users\/1"}],"replies":[{"embeddable":true,"href":"https:\/\/uhg-emmen.ch\/index.php?rest_route=%2Fwp%2Fv2%2Fcomments&post=9"}],"version-history":[{"count":51,"href":"https:\/\/uhg-emmen.ch\/index.php?rest_route=\/wp\/v2\/pages\/9\/revisions"}],"predecessor-version":[{"id":246,"href":"https:\/\/uhg-emmen.ch\/index.php?rest_route=\/wp\/v2\/pages\/9\/revisions\/246"}],"wp:attachment":[{"href":"https:\/\/uhg-emmen.ch\/index.php?rest_route=%2Fwp%2Fv2%2Fmedia&parent=9"}],"curies":[{"name":"wp","href":"https:\/\/api.w.org\/{rel}","templated":true}]}}